{"id":2,"date":"2025-04-29T06:13:30","date_gmt":"2025-04-29T06:13:30","guid":{"rendered":"https:\/\/veroparasiitti.fi\/?page_id=2"},"modified":"2025-04-29T07:11:47","modified_gmt":"2025-04-29T07:11:47","slug":"sample-page","status":"publish","type":"page","link":"https:\/\/veroparasiitti.fi\/?page_id=2","title":{"rendered":"Veroparasiitti"},"content":{"rendered":"\n<p>Mik\u00e4 on veroparasiitti? Henkil\u00f6, organisaatio kuten yhdistys, ilmi\u00f6 tai tapa joka imee itseens\u00e4 muilta ker\u00e4ttyj\u00e4 veroja. Varoja jotka voitaisiin k\u00e4ytt\u00e4\u00e4 tehokkaammin ja tuottavammin &#8211; my\u00f6s yhteiseksi hyv\u00e4ksi. Mutta sen sijaan raha k\u00e4ytet\u00e4\u00e4n tehottomasti johonkin mist\u00e4 ei ole yleist\u00e4 hy\u00f6ty\u00e4.<\/p>\n\n\n\n<p>Suomessa meill\u00e4 valitettavasti n\u00e4it\u00e4 kohteita on paljon.<\/p>\n\n\n\n<p>veroparasiitti.fi on sivusto jonka teht\u00e4v\u00e4 on tuoda n\u00e4it\u00e4 kohteita, tapoja ja ilmi\u00f6it\u00e4 esiin. Ei siksi ett\u00e4 haluamme nolata tai mollata, vaan siksi ett\u00e4 yhteiset varamme k\u00e4ytet\u00e4\u00e4n j\u00e4rkeviin kohteisiin. <\/p>\n\n\n\n<p>Rahan haaskaaminen ei kannusta ket\u00e4\u00e4n maksamaan veroja tai toimimaan yhteiseksi hyv\u00e4ksi vaan rapauttaa moraalin ja arvostuksen yleist\u00e4 hallintoa ja sen rahank\u00e4ytt\u00f6\u00e4 kohtaan.<\/p>\n\n\n\n<p>Siksi rahank\u00e4ytt\u00f6 ja sen valvonta tulee olla avointa ja julkista, ep\u00e4kohtia ei tule hyssytell\u00e4 ja v\u00e4heksy\u00e4 vaan tuoda ne esiin. <\/p>\n\n\n\n<p>Siksi ett\u00e4 se on ainoa tapa korjata ne.<\/p>\n\n\n\n<p>Tied\u00e4tk\u00f6 ep\u00e4kohdan? Kerro se meille t\u00e4ll\u00e4 lomakkeella luottamuksella. Tutkimme asian ja tuomme ep\u00e4kohdat julkisiksi.<\/p>\n\n\n\n<p><\/p>\n","protected":false},"excerpt":{"rendered":"<p>Mik\u00e4 on veroparasiitti? Henkil\u00f6, organisaatio kuten yhdistys, ilmi\u00f6 tai tapa joka imee itseens\u00e4 muilta ker\u00e4ttyj\u00e4 veroja. Varoja jotka voitaisiin k\u00e4ytt\u00e4\u00e4 tehokkaammin ja tuottavammin &#8211; my\u00f6s yhteiseksi hyv\u00e4ksi. Mutta sen sijaan raha k\u00e4ytet\u00e4\u00e4n tehottomasti johonkin mist\u00e4 ei ole yleist\u00e4 hy\u00f6ty\u00e4. Suomessa meill\u00e4 valitettavasti n\u00e4it\u00e4 kohteita on paljon. veroparasiitti.fi on sivusto jonka teht\u00e4v\u00e4 on tuoda n\u00e4it\u00e4 kohteita, [&hellip;]<\/p>\n","protected":false},"author":1,"featured_media":0,"parent":0,"menu_order":0,"comment_status":"closed","ping_status":"open","template":"","meta":{"footnotes":""},"class_list":["post-2","page","type-page","status-publish","hentry"],"_links":{"self":[{"href":"https:\/\/veroparasiitti.fi\/index.php?rest_route=\/wp\/v2\/pages\/2","targetHints":{"allow":["GET"]}}],"collection":[{"href":"https:\/\/veroparasiitti.fi\/index.php?rest_route=\/wp\/v2\/pages"}],"about":[{"href":"https:\/\/veroparasiitti.fi\/index.php?rest_route=\/wp\/v2\/types\/page"}],"author":[{"embeddable":true,"href":"https:\/\/veroparasiitti.fi\/index.php?rest_route=\/wp\/v2\/users\/1"}],"replies":[{"embeddable":true,"href":"https:\/\/veroparasiitti.fi\/index.php?rest_route=%2Fwp%2Fv2%2Fcomments&post=2"}],"version-history":[{"count":1,"href":"https:\/\/veroparasiitti.fi\/index.php?rest_route=\/wp\/v2\/pages\/2\/revisions"}],"predecessor-version":[{"id":8,"href":"https:\/\/veroparasiitti.fi\/index.php?rest_route=\/wp\/v2\/pages\/2\/revisions\/8"}],"wp:attachment":[{"href":"https:\/\/veroparasiitti.fi\/index.php?rest_route=%2Fwp%2Fv2%2Fmedia&parent=2"}],"curies":[{"name":"wp","href":"https:\/\/api.w.org\/{rel}","templated":true}]}}